ue
Is 36463 a composite number?
True
Is 7217 a composite number?
True
Is 1049 prime?
True
Is 1546 a prime number?
False
Is 26797 prime?
False
Is 29231 a prime number?
True
Is 892709 prime?
True
Is 12067 composite?
True
Is 15893 a composite number?
True
Is 51413 a prime number?
True
Is 1319 a composite number?
False
Is 22937 a prime number?
True
Is 7241 a prime number?
False
Is 28163 a prime number?
True
Is 653558 prime?
False
Is 864829 prime?
False
Is 4870403 composite?
True
Is 96847 composite?
False
Is 86611 a prime number?
False
Is 3043 prime?
False
Is 49853 composite?
False
Is 15787 prime?
True
Is 41917 a composite number?
True
Is 138679 prime?
True
Is 34273 prime?
True
Is 126785 composite?
True
Is 100931 a composite number?
False
Is 34813 a composite number?
True
Is 12821 prime?
True
Is 932549 a prime number?
True
Is 21343 a prime number?
False
Is 58043 prime?
True
Is 6547 a prime number?
True
Is 1711 prime?
False
Is 176389 a prime number?
True
Is 17809 a composite number?
True
Is 77471 a prime number?
True
Is 20707 a composite number?
False
Is 12319 composite?
True
Is 7631 composite?
True
Is 706 a composite number?
True
Is 8923 a composite number?
False
Is 18529 prime?
False
Is 225119 prime?
True
Is 18301 a prime number?
True
Is 3877 a composite number?
False
Is 125449 a prime number?
False
Is 191599 a composite number?
False
Is 25249 a prime number?
False
Is 56387 composite?
True
Is 22405 prime?
False
Is 87137 a prime number?
False
Is 467 prime?
True
Is 195469 a prime number?
True
Is 1018543 composite?
False
Is 25867 a prime number?
True
Is 114299 a prime number?
True
Is 9511 a prime number?
True
Is 2841871 composite?
True
Is 12017 a composite number?
True
Is 795437 a composite number?
True
Is 59047 a composite number?
True
Is 6121 a composite number?
False
Is 19301 composite?
False
Is 11777 a composite number?
False
Is 14341 a prime number?
True
Is 21617 a composite number?
False
Is 302635 prime?
False
Is 54193 prime?
True
Is 32521 composite?
True
Is 114113 prime?
True
Is 73009 composite?
False
Is 297971 prime?
True
Is 44437 composite?
True
Is 11071 composite?
False
Is 141567 prime?
False
Is 36253 prime?
False
Is 10399 a composite number?
False
Is 76981 composite?
True
Is 10903 prime?
True
Is 852251 composite?
True
Is 360419 a composite number?
True
Is 439 a composite number?
False
Is 78043 prime?
False
Is 5981 a composite number?
False
Is 1894 composite?
True
Is 9029 a prime number?
True
Is 306823 composite?
True
Is 3716429 a composite number?
False
Is 70982 a prime number?
False
Is 166087 composite?
True
Is 8329 composite?
False
Is 677879 a composite number?
True
Is 16447 prime?
True
Is 6769 composite?
True
Is 32441 a prime number?
True
Is 240821 prime?
False
Is 169331 a composite number?
True
Is 25913 prime?
True
Is 296858 a prime number?
False
Is 150779 prime?
True
Is 27239 a composite number?
False
Is 1009 a prime number?
True
Is 12637 a composite number?
False
Is 3659 prime?
True
Is 2629 a prime number?
False
Is 5779 a prime number?
True
Is 363691 a composite number?
False
Is 528243 a prime number?
False
Is 54617 a composite number?
False
Is 244519 a composite number?
True
Is 10487 a prime number?
True
Is 61483 a prime number?
True
Is 43037 prime?
True
Is 24259 composite?
True
Is 577 a composite number?
False
Is 398785 prime?
False
Is 763057 prime?
False
Is 107921 composite?
True
Is 158846 a prime number?
False
Is 494897 a composite number?
True
Is 138617 a composite number?
False
Is 143 prime?
False
Is 534979 composite?
True
Is 18169 a composite number?
False
Is 334069 a prime number?
True
Is 47737 a composite number?
False
Is 14981 prime?
False
Is 139937 composite?
True
Is 1560817 prime?
True
Is 607489 a prime number?
False
Is 16811 a prime number?
True
Is 782461 composite?
False
Is 25459 prime?
False
Is 500215 prime?
False
Is 10691 composite?
False
Is 1531 prime?
True
Is 12713 composite?
False
Is 5737 prime?
True
Is 8871 a prime number?
False
Is 19787 a composite number?
True
Is 30803 prime?
True
Is 446233 composite?
True
Is 2797411 a composite number?
False
Is 22739 a composite number?
False
Is 2203 prime?
True
Is 7817 prime?
True
Is 2179 a composite number?
False
Is 27883 a composite number?
False
Is 6197 prime?
True
Is 8809 prime?
False
Is 2127 composite?
True
Is 1831 a prime number?
True
Is 23329 prime?
False
Is 604801 prime?
True
Is 75271 a prime number?
False
Is 22921 a prime number?
True
Is 299645 prime?
False
Is 36857 composite?
False
Is 142949 a prime number?
True
Is 300013 a composite number?
True
Is 139241 composite?
False
Is 156817 a composite number?
False
Is 668201 prime?
True
Is 197203 a prime number?
True
Is 188603 a composite number?
False
Is 12729 composite?
True
Is 326285 a prime number?
False
Is 5939 a prime number?
True
Is 8929 composite?
False
Is 38509 a composite number?
True
Is 275882 composite?
True
Is 102379 prime?
False
Is 57179 a composite number?
False
Is 73069 prime?
False
Is 402281 prime?
False
Is 506047 composite?
False
Is 12451 composite?
False
Is 658001 prime?
True
Is 821 a prime number?
True
Is 24257 composite?
True
Is 4633687 composite?
False
Is 203861 composite?
True
Is 8663 composite?
False
Is 13043 a prime number?
True
Is 788119 a prime number?
False
Is 78113 a composite number?
True
Is 3593 a composite number?
False
Is 30655 a prime number?
False
Is 14519 composite?
False
Is 59333 a prime number?
True
Is 464605 composite?
True
Is 103837 a prime number?
True
Is 14623 composite?
True
Is 22303 composite?
False
Is 277333 composite?
True
Is 13009 a composite number?
False
Is 227639 a composite number?
True
Is 114843 a prime number?
False
Is 20465 prime?
False
Is 4351 composite?
True
Is 684977 composite?
False
Is 16823 a composite number?
False
Is 86839 composite?
True
Is 985969 a prime number?
True
Is 27037 prime?
False
Is 3879101 prime?
True
Is 34807 prime?
True
Is 15685 prime?
False
Is 901 prime?
False
Is 39913 a composite number?
True
Is 294113 prime?
False
Is 103189 composite?
True
Is 6537 composite?
True
Is 59351 a prime number?
True
Is 17677 composite?
True
Is 47893 composite?
True
Is 25031 a prime number?
True
Is 4303 a prime number?
False
Is 4733 composite?
False
Is 895 composite?
True
Is 1072703 a prime number?
False
Is 74821 a composite number?
False
Is 360883 prime?
False
Is 101561 a composite number?
False
Is 3761 a prime number?
True
Is 245638 a prime number?
False
Is 12611 prime?
True
Is 188927 composite?
False
Is 4201 composite?
False
Is 163 a prime number?
True
Is 601529 prime?
False
Is 5815 composite?
True
Is 12941 a composite number?
False
Is 29251 a composite number?
False
Is 345683 a composite number?
True
Is 261563 prime?
True
Is 1507 a composite number?
True
Is 243973 prime?
True
Is 123757 a composite number?
False
Is 74939 composite?
True
Is 35914 a prime number?
False
Is 24169 composite?
False
Is 640253 prime?
False
Is 175501 prime?
False
Is 60773 composite?
False
Is 373 a composite number?
False
Is 296419 a composite number?
True
Is 45035 a composite number?
True
Is 6005 a prime number?
False
Is 53033 a composite number?
True
Is 1865 prime?
False
Is 41345 composite?
True
Is 39953 a composite number?
False
Is 150427 a prime number?
True
Is 474131 a composite number?
True
Is 109169 a composite number?
False
Is 2044399 prime?
False
Is 6467 a composite number?
True
Is 1399 a composite number?
False
Is 5455 composite?
True
Is 138283 a prime number?
True
Is 1732981 prime?
False
Is 4431081 prime?
False
Is 305401 composite?
False
Is 6623 composite?
True
Is 44159 composite?
False
Is 22411 a prime number?
False
Is 66293 a prime number?
True
Is 78437 composite?
False
Is 2678503 composite?
True
Is 7867 composite?
False
Is 1973933 a composite number?
True
Is 133481 prime?
True
Is 20635 a prime number?
False
Is 19255 a composite number?
True
Is 2807 a prime number?
False
Is 53111 composite?
True
Is 2215687 composite?
True
Is 8279 prime?
False
Is 2452447 composite?
True
Is 251 prime?
True
Is 81509 composite?
False
Is 352007 a prime number?
True
Is 3143 a composite number?
True
Is 13499 prime?
True
Is 303451 a composite number?
True
Is 42305 a composite number?
True
Is 47041 prime?
True
Is 313133 prime?
True
Is 60097 a composite number?
True
Is 91447 a composite number?
True
Is 6